{"id":76,"date":"2017-06-12T04:36:30","date_gmt":"2017-06-12T04:36:30","guid":{"rendered":"http:\/\/demo2.steelthemes.com\/gardenhub\/?page_id=76"},"modified":"2025-11-03T11:32:57","modified_gmt":"2025-11-03T11:32:57","slug":"about-us","status":"publish","type":"page","link":"https:\/\/olimax.co.mz\/eng\/about-us\/","title":{"rendered":"About us"},"content":{"rendered":"<div class=\"wpb-content-wrapper\"><p>[vc_row css=&#8221;.vc_custom_1749202774076{padding-top: 70px !important;padding-bottom: 55px !important;}&#8221;][vc_column]<div class=\"fh-section-title clearfix  text-left style-3 version-dark\"><div class=\"container\"><h2>About  <span class=\"main-color\">Olimax<\/span><\/h2><\/div><\/div>[vc_column_text css=&#8221;.vc_custom_1762169293186{margin-top: 40px !important;padding-bottom: 20px !important;}&#8221;]<\/p>\n<div style=\"font-size: 22px; font-weight: 500; font-family: 'Poppins', sans-serif; color: #292929;\">Location: <span class=\"main-color\"> Maxixe, Inhambane, Mozambique<br \/>\n<\/span><\/div>\n<p>[\/vc_column_text][vc_column_text css=&#8221;.vc_custom_1762169353651{margin-bottom: 25px !important;}&#8221;]<\/p>\n<p style=\"text-align: justify;\">Olimax is located in Maxixe, in the charming province of Inhambane, in southern Mozambique, a region rich in biodiversity, traditional culture and vibrant communities.<\/p>\n<p style=\"text-align: justify;\">It is in this setting of palm trees, beaches and fertile land that we produce our raw, organic coconut oil, in close collaboration with the local communities.<\/p>\n<p style=\"text-align: justify;\">Our location is not just a point on the map: it is the heart of our purpose, to promote sustainable development rooted in the land and the people who cultivate it.<\/p>\n<p style=\"text-align: justify;\">Inhambane, a land of good people, proudly preserves traditions passed down from generation to generation. From dances to the sound of drums and timbilas, to the art of fishing and sustainable agriculture, life in Inhambane is marked by an intimate relationship with nature and the rhythms of the community.<\/p>\n<p>[\/vc_column_text][\/vc_column][\/vc_row][vc_row disable_element=&#8221;yes&#8221; css=&#8221;.vc_custom_1761238446753{padding-top: 70px !important;padding-bottom: 55px !important;}&#8221;][vc_column width=&#8221;1\/2&#8243;]<div class=\"fh-section-title clearfix  text-left style-3 version-dark\"><div class=\"container\"><h2>Sobre a  <span class=\"main-color\">Olimax<\/span><\/h2><\/div><\/div>[vc_column_text css=&#8221;.vc_custom_1749199335675{margin-top: 40px !important;padding-bottom: 20px !important;}&#8221;]<\/p>\n<div style=\"font-size: 22px; font-weight: 500; font-family: 'Poppins', sans-serif; color: #292929;\">Localiza\u00e7\u00e3o:  <span class=\"main-color\">Maxixe, Inhambane, Mo\u00e7ambique<\/span><\/div>\n<p>[\/vc_column_text][vc_column_text css=&#8221;.vc_custom_1749201642764{margin-bottom: 25px !important;}&#8221;]<\/p>\n<p style=\"text-align: justify;\">A Olimax est\u00e1 situada em Maxixe, na encantadora prov\u00edncia de Inhambane, no sul de Mo\u00e7ambique, uma regi\u00e3o rica em biodiversidade, cultura tradicional e comunidades vibrantes.<\/p>\n<p style=\"text-align: justify;\">\u00c9 neste cen\u00e1rio de palmeiras, praias e terra f\u00e9rtil que produzimos o nosso \u00f3leo de coco cru e org\u00e2nico, em estreita colabora\u00e7\u00e3o com as popula\u00e7\u00f5es locais.<\/p>\n<p style=\"text-align: justify;\">A nossa localiza\u00e7\u00e3o n\u00e3o \u00e9 apenas um ponto no mapa: \u00e9 o cora\u00e7\u00e3o do nosso prop\u00f3sito, promover um desenvolvimento sustent\u00e1vel, enraizado na terra e nas pessoas que a cultivam.<\/p>\n<p style=\"text-align: justify;\">Inhambane, terra de boa gente, guarda com orgulho tradi\u00e7\u00f5es que passam de gera\u00e7\u00e3o em gera\u00e7\u00e3o. Das dan\u00e7as ao som dos tambores e timbilas, \u00e0 arte da pesca e agricultura sustent\u00e1vel, a vida em Inhambane \u00e9 marcada por uma rela\u00e7\u00e3o \u00edntima com a natureza e com os ritmos da comunidade.<\/p>\n<p>[\/vc_column_text][\/vc_column][vc_column width=&#8221;1\/2&#8243;][vc_single_image image=&#8221;1266&#8243; img_size=&#8221;full&#8221; alignment=&#8221;center&#8221; css=&#8221;.vc_custom_1761238318090{margin-top: -20px !important;}&#8221;][\/vc_column][\/vc_row][vc_row disable_element=&#8221;yes&#8221; enable_parallax=&#8221;yes&#8221; css=&#8221;.vc_custom_1749202753964{padding-top: 80px !important;padding-bottom: 50px !important;background-image: url(http:\/\/demo2.steelthemes.com\/gardenhub\/wp-content\/uploads\/sites\/6\/2020\/02\/counter-bg-2.jpg?id=555) !important;}&#8221;][vc_column width=&#8221;1\/4&#8243;]<div class=\"fh-counter  style-1\">\n\t\t\t\t <span class=\"fh-icon\"><i class=\"flaticon-nature-1\"><\/i><\/span>\n                <div class=\"counter\">\n                \t<div class=\"value\">30<\/div>\n                \t<span>+<\/span>\n                <\/div>\n                <h4>Year Of Experience<\/h4>\n\n            <\/div>[\/vc_column][vc_column width=&#8221;1\/4&#8243;]<div class=\"fh-counter  style-1\">\n\t\t\t\t <span class=\"fh-icon\"><i class=\"flaticon-nature-2\"><\/i><\/span>\n                <div class=\"counter\">\n                \t<div class=\"value\">2345<\/div>\n                \t<span><\/span>\n                <\/div>\n                <h4>Successfull Projects<\/h4>\n\n            <\/div>[\/vc_column][vc_column width=&#8221;1\/4&#8243;]<div class=\"fh-counter  style-1\">\n\t\t\t\t <span class=\"fh-icon\"><i class=\"flaticon-people\"><\/i><\/span>\n                <div class=\"counter\">\n                \t<div class=\"value\">347<\/div>\n                \t<span><\/span>\n                <\/div>\n                <h4>Team Members<\/h4>\n\n            <\/div>[\/vc_column][vc_column width=&#8221;1\/4&#8243;]<div class=\"fh-counter  style-1\">\n\t\t\t\t <span class=\"fh-icon\"><i class=\"flaticon-medal\"><\/i><\/span>\n                <div class=\"counter\">\n                \t<div class=\"value\">85<\/div>\n                \t<span><\/span>\n                <\/div>\n                <h4>Winning Awards<\/h4>\n\n            <\/div>[\/vc_column][\/vc_row][vc_row disable_element=&#8221;yes&#8221; css=&#8221;.vc_custom_1749201554398{padding-top: 60px !important;padding-bottom: 50px !important;}&#8221;][vc_column]<div class=\"fh-section-title clearfix  text-center style-1 version-dark\"><div class=\"container\"><h2>Meet <span class=\"main-color\">Our Team<\/span><\/h2><\/div><\/div>[vc_row_inner css=&#8221;.vc_custom_1496133799934{margin-top: 50px !important;}&#8221;][vc_column_inner width=&#8221;1\/3&#8243;]<div class=\"fh-team  style-1\">\n\t\t\t\t<div class=\"team-member\">\n\t\t\t\t\t<img decoding=\"async\" class=\"\" src=\"https:\/\/olimax.co.mz\/eng\/wp-content\/uploads\/2020\/02\/team4-1-370x250.jpg\" width=\"370\" height=\"250\" alt=\"team4\" title=\"team4\" loading=\"lazy\" \/>\n\t\t\t\t\t<div class=\"socials socials-1\">\n\t\t\t\t\t\t<ul class=\"list-social clearfix\">\n\t\t\t\t\t\t\t<li class=\"facebook\">\n\t\t\t\t\t<a href=\"#\" target=\"_blank\">\n\t\t\t\t\t\t<i class=\"fa fa-facebook\"><\/i>\n\t\t\t\t\t<\/a>\n\t\t\t\t<\/li><li class=\"twitter\">\n\t\t\t\t\t<a href=\"#\" target=\"_blank\">\n\t\t\t\t\t\t<i class=\"fa fa-twitter\"><\/i>\n\t\t\t\t\t<\/a>\n\t\t\t\t<\/li><li class=\"rss\">\n\t\t\t\t\t<a href=\"#\" target=\"_blank\">\n\t\t\t\t\t\t<i class=\"fa fa-rss\"><\/i>\n\t\t\t\t\t<\/a>\n\t\t\t\t<\/li><li class=\"instagram\">\n\t\t\t\t\t<a href=\"#\" target=\"_blank\">\n\t\t\t\t\t\t<i class=\"fa fa-instagram\"><\/i>\n\t\t\t\t\t<\/a>\n\t\t\t\t<\/li>\n\t\t\t\t\t\t<\/ul>\n\t\t\t\t\t<\/div>\n\t\t\t\t<\/div>\n\t\t\t\t\n\t\t\t\t<div class=\"team-content\">\n\t\t\t\t\t<div class=\"info\">\n\t\t\t\t\t\t<h4 class=\"name\">Mead Eldridge<\/h4>\n\t\t\t\t\t\t<span class=\"job\">Landscaper<\/span>\n\t\t\t\t\t\t<p>Great explorer of the truth, the master-builder sed of human happiness all. No one rejects, dislikes, avoids pursues itself great pleasure.<\/p>\n\t\t\t\t\t<\/div>\n\t\t\t\t\t<div class=\"website\"><i class=\"fa fa-envelope-o\" aria-hidden=\"true\"><\/i>Meadeldridge@Gardenhub.com<\/div>\n\t\t\t\t\t<div class=\"socials socials-2\">\n\t\t\t\t\t\t<ul class=\"list-social clearfix\">\n\t\t\t\t\t\t\t<li class=\"facebook\">\n\t\t\t\t\t<a href=\"#\" target=\"_blank\">\n\t\t\t\t\t\t<i class=\"fa fa-facebook\"><\/i>\n\t\t\t\t\t<\/a>\n\t\t\t\t<\/li><li class=\"twitter\">\n\t\t\t\t\t<a href=\"#\" target=\"_blank\">\n\t\t\t\t\t\t<i class=\"fa fa-twitter\"><\/i>\n\t\t\t\t\t<\/a>\n\t\t\t\t<\/li><li class=\"rss\">\n\t\t\t\t\t<a href=\"#\" target=\"_blank\">\n\t\t\t\t\t\t<i class=\"fa fa-rss\"><\/i>\n\t\t\t\t\t<\/a>\n\t\t\t\t<\/li><li class=\"instagram\">\n\t\t\t\t\t<a href=\"#\" target=\"_blank\">\n\t\t\t\t\t\t<i class=\"fa fa-instagram\"><\/i>\n\t\t\t\t\t<\/a>\n\t\t\t\t<\/li>\n\t\t\t\t\t\t<\/ul>\n\t\t\t\t\t<\/div>\n\t\t\t\t<\/div>\n\t\t\t<\/div>[\/vc_column_inner][vc_column_inner width=&#8221;1\/3&#8243;]<div class=\"fh-team  style-1\">\n\t\t\t\t<div class=\"team-member\">\n\t\t\t\t\t<img decoding=\"async\" class=\"\" src=\"https:\/\/olimax.co.mz\/eng\/wp-content\/uploads\/2020\/02\/team5-1-370x250.jpg\" width=\"370\" height=\"250\" alt=\"team5\" title=\"team5\" loading=\"lazy\" \/>\n\t\t\t\t\t<div class=\"socials socials-1\">\n\t\t\t\t\t\t<ul class=\"list-social clearfix\">\n\t\t\t\t\t\t\t<li class=\"facebook\">\n\t\t\t\t\t<a href=\"#\" target=\"_blank\">\n\t\t\t\t\t\t<i class=\"fa fa-facebook\"><\/i>\n\t\t\t\t\t<\/a>\n\t\t\t\t<\/li><li class=\"twitter\">\n\t\t\t\t\t<a href=\"#\" target=\"_blank\">\n\t\t\t\t\t\t<i class=\"fa fa-twitter\"><\/i>\n\t\t\t\t\t<\/a>\n\t\t\t\t<\/li><li class=\"rss\">\n\t\t\t\t\t<a href=\"#\" target=\"_blank\">\n\t\t\t\t\t\t<i class=\"fa fa-rss\"><\/i>\n\t\t\t\t\t<\/a>\n\t\t\t\t<\/li><li class=\"instagram\">\n\t\t\t\t\t<a href=\"#\" target=\"_blank\">\n\t\t\t\t\t\t<i class=\"fa fa-instagram\"><\/i>\n\t\t\t\t\t<\/a>\n\t\t\t\t<\/li>\n\t\t\t\t\t\t<\/ul>\n\t\t\t\t\t<\/div>\n\t\t\t\t<\/div>\n\t\t\t\t\n\t\t\t\t<div class=\"team-content\">\n\t\t\t\t\t<div class=\"info\">\n\t\t\t\t\t\t<h4 class=\"name\">Mead Eldridge<\/h4>\n\t\t\t\t\t\t<span class=\"job\">Landscaper<\/span>\n\t\t\t\t\t\t<p>Great explorer of the truth, the master-builder sed of human happiness all. No one rejects, dislikes, avoids pursues itself great pleasure.<\/p>\n\t\t\t\t\t<\/div>\n\t\t\t\t\t<div class=\"website\"><i class=\"fa fa-envelope-o\" aria-hidden=\"true\"><\/i>Meadeldridge@Gardenhub.com<\/div>\n\t\t\t\t\t<div class=\"socials socials-2\">\n\t\t\t\t\t\t<ul class=\"list-social clearfix\">\n\t\t\t\t\t\t\t<li class=\"facebook\">\n\t\t\t\t\t<a href=\"#\" target=\"_blank\">\n\t\t\t\t\t\t<i class=\"fa fa-facebook\"><\/i>\n\t\t\t\t\t<\/a>\n\t\t\t\t<\/li><li class=\"twitter\">\n\t\t\t\t\t<a href=\"#\" target=\"_blank\">\n\t\t\t\t\t\t<i class=\"fa fa-twitter\"><\/i>\n\t\t\t\t\t<\/a>\n\t\t\t\t<\/li><li class=\"rss\">\n\t\t\t\t\t<a href=\"#\" target=\"_blank\">\n\t\t\t\t\t\t<i class=\"fa fa-rss\"><\/i>\n\t\t\t\t\t<\/a>\n\t\t\t\t<\/li><li class=\"instagram\">\n\t\t\t\t\t<a href=\"#\" target=\"_blank\">\n\t\t\t\t\t\t<i class=\"fa fa-instagram\"><\/i>\n\t\t\t\t\t<\/a>\n\t\t\t\t<\/li>\n\t\t\t\t\t\t<\/ul>\n\t\t\t\t\t<\/div>\n\t\t\t\t<\/div>\n\t\t\t<\/div>[\/vc_column_inner][vc_column_inner width=&#8221;1\/3&#8243;]<div class=\"fh-team  style-1\">\n\t\t\t\t<div class=\"team-member\">\n\t\t\t\t\t<img decoding=\"async\" class=\"\" src=\"https:\/\/olimax.co.mz\/eng\/wp-content\/uploads\/2020\/02\/team6-1-370x250.jpg\" width=\"370\" height=\"250\" alt=\"team6\" title=\"team6\" loading=\"lazy\" \/>\n\t\t\t\t\t<div class=\"socials socials-1\">\n\t\t\t\t\t\t<ul class=\"list-social clearfix\">\n\t\t\t\t\t\t\t<li class=\"facebook\">\n\t\t\t\t\t<a href=\"#\" target=\"_blank\">\n\t\t\t\t\t\t<i class=\"fa fa-facebook\"><\/i>\n\t\t\t\t\t<\/a>\n\t\t\t\t<\/li><li class=\"twitter\">\n\t\t\t\t\t<a href=\"#\" target=\"_blank\">\n\t\t\t\t\t\t<i class=\"fa fa-twitter\"><\/i>\n\t\t\t\t\t<\/a>\n\t\t\t\t<\/li><li class=\"rss\">\n\t\t\t\t\t<a href=\"#\" target=\"_blank\">\n\t\t\t\t\t\t<i class=\"fa fa-rss\"><\/i>\n\t\t\t\t\t<\/a>\n\t\t\t\t<\/li><li class=\"instagram\">\n\t\t\t\t\t<a href=\"#\" target=\"_blank\">\n\t\t\t\t\t\t<i class=\"fa fa-instagram\"><\/i>\n\t\t\t\t\t<\/a>\n\t\t\t\t<\/li>\n\t\t\t\t\t\t<\/ul>\n\t\t\t\t\t<\/div>\n\t\t\t\t<\/div>\n\t\t\t\t\n\t\t\t\t<div class=\"team-content\">\n\t\t\t\t\t<div class=\"info\">\n\t\t\t\t\t\t<h4 class=\"name\">Mead Eldridge<\/h4>\n\t\t\t\t\t\t<span class=\"job\">Landscaper<\/span>\n\t\t\t\t\t\t<p>Great explorer of the truth, the master-builder sed of human happiness all. No one rejects, dislikes, avoids pursues itself great pleasure.<\/p>\n\t\t\t\t\t<\/div>\n\t\t\t\t\t<div class=\"website\"><i class=\"fa fa-envelope-o\" aria-hidden=\"true\"><\/i>Meadeldridge@Gardenhub.com<\/div>\n\t\t\t\t\t<div class=\"socials socials-2\">\n\t\t\t\t\t\t<ul class=\"list-social clearfix\">\n\t\t\t\t\t\t\t<li class=\"facebook\">\n\t\t\t\t\t<a href=\"#\" target=\"_blank\">\n\t\t\t\t\t\t<i class=\"fa fa-facebook\"><\/i>\n\t\t\t\t\t<\/a>\n\t\t\t\t<\/li><li class=\"twitter\">\n\t\t\t\t\t<a href=\"#\" target=\"_blank\">\n\t\t\t\t\t\t<i class=\"fa fa-twitter\"><\/i>\n\t\t\t\t\t<\/a>\n\t\t\t\t<\/li><li class=\"rss\">\n\t\t\t\t\t<a href=\"#\" target=\"_blank\">\n\t\t\t\t\t\t<i class=\"fa fa-rss\"><\/i>\n\t\t\t\t\t<\/a>\n\t\t\t\t<\/li><li class=\"instagram\">\n\t\t\t\t\t<a href=\"#\" target=\"_blank\">\n\t\t\t\t\t\t<i class=\"fa fa-instagram\"><\/i>\n\t\t\t\t\t<\/a>\n\t\t\t\t<\/li>\n\t\t\t\t\t\t<\/ul>\n\t\t\t\t\t<\/div>\n\t\t\t\t<\/div>\n\t\t\t<\/div>[\/vc_column_inner][\/vc_row_inner][\/vc_column][\/vc_row][vc_row disable_element=&#8221;yes&#8221; css=&#8221;.vc_custom_1749201568095{padding-top: 55px !important;padding-bottom: 55px !important;background-color: #fafafa !important;}&#8221;][vc_column]<div class=\"fh-partner clearfix  dark\" data-autoplay=\"false\">\n\t\t\t\t<div class=\"list-item owl-carousel\"><div class=\"partner-item\">\n\t\t\t\t\t\t\t<div class=\"partner-content\"><a href=\"#\" target=\"_self\" ><img decoding=\"async\" alt=\"546\"  src=\"https:\/\/olimax.co.mz\/eng\/wp-content\/uploads\/2020\/02\/partner1-1.png\"><\/a><\/div>\n\t\t\t\t\t\t<\/div><div class=\"partner-item\">\n\t\t\t\t\t\t\t<div class=\"partner-content\"><a href=\"#\" target=\"_self\" ><img decoding=\"async\" alt=\"547\"  src=\"https:\/\/olimax.co.mz\/eng\/wp-content\/uploads\/2020\/02\/partner2-1.png\"><\/a><\/div>\n\t\t\t\t\t\t<\/div><div class=\"partner-item\">\n\t\t\t\t\t\t\t<div class=\"partner-content\"><a href=\"#\" target=\"_self\" ><img decoding=\"async\" alt=\"548\"  src=\"https:\/\/olimax.co.mz\/eng\/wp-content\/uploads\/2020\/02\/partner3-1.png\"><\/a><\/div>\n\t\t\t\t\t\t<\/div><div class=\"partner-item\">\n\t\t\t\t\t\t\t<div class=\"partner-content\"><a href=\"#\" target=\"_self\" ><img decoding=\"async\" alt=\"549\"  src=\"https:\/\/olimax.co.mz\/eng\/wp-content\/uploads\/2020\/02\/partner4-1.png\"><\/a><\/div>\n\t\t\t\t\t\t<\/div><div class=\"partner-item\">\n\t\t\t\t\t\t\t<div class=\"partner-content\"><a href=\"#\" target=\"_self\" ><img decoding=\"async\" alt=\"550\"  src=\"https:\/\/olimax.co.mz\/eng\/wp-content\/uploads\/2020\/02\/partner5-1.png\"><\/a><\/div>\n\t\t\t\t\t\t<\/div><\/div>\n\t\t\t<\/div>[\/vc_column][\/vc_row][vc_row css=&#8221;.vc_custom_1749734007114{padding-bottom: 30px !important;}&#8221;][vc_column][vc_tta_accordion][vc_tta_section title=&#8221;Mission&#8221; tab_id=&#8221;mission&#8221;]<div class=\"fh-icon-box clearfix  style-1\"><div class=\"desc\"><p style=\"text-align: justify;\">To produce 100% organic and certified raw coconut oil with excellence, environmental responsibility, and positive social impact, in partnership with rural communities in Mozambique.<\/p>\n<p>We promote women&#8217;s empowerment, local development, and sustainable practices that respect nature, traditions, and ancestral knowledge, contributing to a fairer and more inclusive economy.<\/p>\n<p>We believe in a future where health, sustainability, and community go hand in hand.<\/p>\n<\/div><\/div>[\/vc_tta_section][vc_tta_section title=&#8221;Vision&#8221; tab_id=&#8221;vision&#8221;]<div class=\"fh-icon-box clearfix  style-1\"><div class=\"desc\"><p style=\"text-align: justify;\">To be a national and international benchmark in the production of organic coconut oil and sustainable derivatives, recognized for its ethical business model that values \u200b\u200blocal communities, protects the environment, and inspires social transformation.<\/p>\n<p>We want to build a future where natural, quality products coexist with social justice, environmental preservation, and the strengthening of Mozambique&#8217;s cultural roots.<\/p>\n<\/div><\/div>[\/vc_tta_section][vc_tta_section title=&#8221;Values&#8221; tab_id=&#8221;values&#8221;]<div class=\"fh-icon-box clearfix  style-1\"><div class=\"desc\"><ul>\n<li><span class=\"main-color\" style=\"font-weight: 600;\">Sustainability:<\/span>  <span style=\"color: #000;\">We act with environmental responsibility at every stage, promoting regenerative and conscious practices.<\/span><\/li>\n<\/ul>\n<ul>\n<li><span class=\"main-color\" style=\"font-weight: 600;\">Inclusion and Equity:<\/span>  <span style=\"color: #000;\">We value all voices, promoting fair and equitable opportunities, with a focus on women&#8217;s empowerment and strengthening rural communities.<\/span><\/li>\n<\/ul>\n<ul>\n<li><span class=\"main-color\" style=\"font-weight: 600;\">Respect for Nature and Culture:<\/span>  <span style=\"color: #000;\">We honor traditional knowledge, the local way of life, and the sacred relationship with the land.<\/span><\/li>\n<\/ul>\n<ul>\n<li><span class=\"main-color\" style=\"font-weight: 600;\">Transparency and Ethics:<\/span>  <span style=\"color: #000;\">We act with integrity, respect, and responsibility, building relationships based on trust.<\/span><\/li>\n<\/ul>\n<ul>\n<li><span class=\"main-color\" style=\"font-weight: 600;\">Quality and Excellence:<\/span>  <span style=\"color: #000;\">We deliver pure, organic, and certified products, focusing on the health, well-being, and satisfaction of our customers.<\/span><\/li>\n<\/ul>\n<ul>\n<li><span class=\"main-color\" style=\"font-weight: 600;\">Innovation with Purpose:<\/span>  <span style=\"color: #000;\">We continuously seek new ways to grow sustainably, without losing our community essence.<\/span><\/li>\n<\/ul>\n<ul>\n<li><span class=\"main-color\" style=\"font-weight: 600;\">Positive Social Impact:<\/span>  <span style=\"color: #000;\">We work to transform lives, generate autonomy, and improve living conditions in rural areas of Mozambique.<\/span><\/li>\n<\/ul>\n<\/div><\/div>[\/vc_tta_section][\/vc_tta_accordion][\/vc_column][\/vc_row][vc_row full_width=&#8221;stretch_row_content_no_spaces&#8221;][vc_column width=&#8221;1\/3&#8243;][vc_gallery interval=&#8221;3&#8243; images=&#8221;1291,1290&#8243; img_size=&#8221;medium&#8221; css=&#8221;&#8221;][\/vc_column][vc_column width=&#8221;1\/3&#8243;][vc_gallery interval=&#8221;3&#8243; images=&#8221;1292,1302&#8243; img_size=&#8221;medium&#8221; css=&#8221;&#8221;][\/vc_column][vc_column width=&#8221;1\/3&#8243;][vc_gallery interval=&#8221;3&#8243; images=&#8221;1297,1298,1299&#8243; img_size=&#8221;medium&#8221; css=&#8221;&#8221;][\/vc_column][\/vc_row]<\/p>\n<\/div>","protected":false},"excerpt":{"rendered":"<p>[vc_row css=&#8221;.vc_custom_1749202774076{padding-top: 70px !important;padding-bottom: 55px !important;}&#8221;][vc_column][vc_column_text css=&#8221;.vc_custom_1762169293186{margin-top: 40px !important;padding-bottom: 20px !important;}&#8221;] Location: Maxixe,&hellip;<\/p>\n","protected":false},"author":1,"featured_media":0,"parent":0,"menu_order":0,"comment_status":"closed","ping_status":"closed","template":"template-fullwidth.php","meta":{"_joinchat":[],"footnotes":""},"class_list":["post-76","page","type-page","status-publish","hentry","no-thumb"],"_links":{"self":[{"href":"https:\/\/olimax.co.mz\/eng\/wp-json\/wp\/v2\/pages\/76","targetHints":{"allow":["GET"]}}],"collection":[{"href":"https:\/\/olimax.co.mz\/eng\/wp-json\/wp\/v2\/pages"}],"about":[{"href":"https:\/\/olimax.co.mz\/eng\/wp-json\/wp\/v2\/types\/page"}],"author":[{"embeddable":true,"href":"https:\/\/olimax.co.mz\/eng\/wp-json\/wp\/v2\/users\/1"}],"replies":[{"embeddable":true,"href":"https:\/\/olimax.co.mz\/eng\/wp-json\/wp\/v2\/comments?post=76"}],"version-history":[{"count":42,"href":"https:\/\/olimax.co.mz\/eng\/wp-json\/wp\/v2\/pages\/76\/revisions"}],"predecessor-version":[{"id":1361,"href":"https:\/\/olimax.co.mz\/eng\/wp-json\/wp\/v2\/pages\/76\/revisions\/1361"}],"wp:attachment":[{"href":"https:\/\/olimax.co.mz\/eng\/wp-json\/wp\/v2\/media?parent=76"}],"curies":[{"name":"wp","href":"https:\/\/api.w.org\/{rel}","templated":true}]}}